67. Give a(-22).
-173
Let b(m) = -15*m + 242. Give b(11).
77
Let q(w) = -12*w**2 - 37*w - 104. Calculate q(-3).
-101
Let b(o) = -o**3 - 9*o**2 + 30*o + 12. Give b(6).
-348
Let c(q) = -55*q - 3133. Determine c(-57).
2
Let x(h) = -14*h**2 - 74*h - 8. What is x(-4)?
64
Let p(l) = l**2 - 204*l + 783. Give p(4).
-17
Let y(s) = s**2 + 25*s - 201. Calculate y(11).
195
Let y(u) = -5*u**2 - 354*u - 127. What is y(-70)?
153
Let q(t) = -536*t + 523. What is q(1)?
-13
Let h(o) = o**3 - 8*o**2 - 5*o + 105. Give h(8).
65
Let s(b) = 2*b**3 - 18*b**2 + 5*b - 15. Calculate s(9).
30
Let p(g) = 2*g**2 + 167*g - 70. Determine p(-84).
14
Let j(q) = 2*q - 134. Calculate j(-27).
-188
Let v(t) = 347*t + 484. What is v(-2)?
-210
Let l(r) = -886*r - 933. Give l(-1).
-47
Let h(o) = o**2 - 11*o + 61. Calculate h(8).
37
Let l(q) = q**3 + 9*q**2 + 11*q - 6. Calculate l(-7).
15
Let u(t) = -t**3 + 23*t**2 - 81*t - 632. What is u(14)?
-2
Let j(u) = -6*u**2 + 183*u + 99. What is j(31)?
6
Let k(o) = -128*o - 7820. Calculate k(-61).
-12
Let q(o) = -203*o + 1420. What is q(7)?
-1
Let i(n) = -4*n**3 - 63*n**2 - 45*n - 6. Determine i(-15).
-6
Let d(w) = -5*w - 460. Calculate d(-57).
-175
Let v(z) = -3*z - 14. Calculate v(-8).
10
Let j(b) = -5044*b - 438832. Give j(-87).
-4
Let s(m) = -166*m + 2482. Determine s(15).
-8
Let a(u) = u**2 + 32*u + 17. Determine a(-9).
-190
Let k(i) = i**3 + 30*i**2 + 131*i + 128. Give k(-25).
-22
Let w(o) = 2*o**3 + o**2 - 64. Give w(3).
-1
Let k(f) = -9*f**2 + 263*f + 199. Give k(30).
-11
Let f(m) = -63*m + 1181. What is f(19)?
-16
Let h(v) = 2*v - 5. What is h(3)?
1
Let f(l) = -173*l - 17206. Determine f(-99).
-79
Let k(t) = -871*t + 51392. Calculate k(59).
3
Let m(y) = -8095*y - 16154. Calculate m(-2).
36
Let w(z) = -3*z**2 - 142*z + 209. Calculate w(-49).
-36
Let z(n) = -n**2 + 46*n - 5. What is z(46)?
-5
Let x(l) = -409*l - 17982. Give x(-44).
14
Let u(b) = -96*b**3 - 2*b**2 + 6*b - 6. What is u(1)?
-98
Let u(n) = -1676*n - 30157. Calculate u(-18).
11
Let m(c) = 181*c**2 - 528*c - 2. Determine m(3).
43
Let m(l) = 3*l - 335. Give m(47).
-194
Let y(q) = -145*q - 6279. What is y(-43)?
-44
Let k(u) = u**2 - 736*u - 2222. Give k(-3).
-5
Let n(c) = -c**3 - 46*c**2 + 89*c - 340. What is n(-48)?
-4
Let f(s) = -3*s**2 - 29*s - 63. Give f(-2).
-17
Let n(d) = d**2 - 81*d + 307. Give n(77).
-1
Let l(b) = 4*b**2 + 24*b + 146. What is l(-13)?
510
Let l(y) = y**3 + 14*y**2 + 8*y + 87. Give l(-14).
-25
Let z(k) = -k**2 - 227*k - 11478. Calculate z(-151).
-2
Let v(k) = -7*k**2 + 9*k + 1247. What is v(14)?
1
Let m(d) = 37193*d + 297538. What is m(-8)?
-6
Let z(s) = -1005*s - 50243. Determine z(-50).
7
Let o(i) = 87*i**2 - 241*i + 2. Give o(3).
62
Let n(o) = 723*o - 5. What is n(0)?
-5
Let j(m) = -6*m**2 + 43*m + 99. What is j(9)?
0
Let o(c) = -29*c + 36. Give o(-1).
65
Let x(o) = -4*o + 79. Determine x(30).
-41
Let k(w) = -w**3 + 8*w**2 - 21*w + 40. Calculate k(8).
-128
Let w(i) = 6*i**2 + 85*i + 4. Determine w(-13).
-87
Let a(b) = 6*b**2 + 46*b + 7. Determine a(0).
7
Let f(y) = 78*y + 3659. Give f(-48).
-85
Let r(i) = -i**3 + 6*i**2 - 3*i - 1. Calculate r(4).
19
Let q(s) = -94*s - 634. Determine q(-11).
400
Let l(g) = 3*g**2 + g - 589. Give l(0).
-589
Let c(v) = 13*v + 376. Determine c(-66).
-482
Let o(b) = -10*b**2 + 24*b - 59. What is o(3)?
-77
Let t(b) = -3*b**3 - 34*b**2 - 14*b + 19. Determine t(-11).
52
Let j(t) = 8*t**2 - 3*t. Give j(-1).
11
Let z(n) = 6*n + 67. Give z(-9).
13
Let b(f) = 6*f - 51. Give b(3).
-33
Let o(n) = -5*n**2 + 19*n - 50. Determine o(2).
-32
Let z(u) = -u**3 - 13*u**2 - 7*u + 73. What is z(-12)?
13
Let g(q) = -29*q + 891. Give g(31).
-8
Let j(s) = -s**2 - 491*s + 19532. What is j(37)?
-4
Let g(r) = -r**3 + 9*r**2 + 7*r + 58. Give g(10).
28
Let l(i) = -11*i**2 - 57*i + 16. What is l(-6)?
-38
Let n(w) = -263*w - 3939. Calculate n(-15).
6
Let d(p) = -6*p**2 - 284*p + 1924. Give d(6).
4
Let j(p) = -p**2 - 26*p - 102. Give j(-9).
51
Let m(u) = 728*u - 23295. Calculate m(32).
1
Let y(t) = 7*t + 204. What is y(-31)?
-13
Let o(t) = 11*t**2 - 35*t + 14. Give o(2).
-12
Let j(d) = 3*d**3 - 107*d**2 - 33*d - 122. What is j(36)?
-14
Let u(d) = -d**2 + 2*d + 71. What is u(0)?
71
Let n(c) = -2*c**3 - 80*c**2 - 2*c - 86. Determine n(-40).
-6
Let w(a) = -3*a**2 - 255*a + 541. Calculate w(2).
19
Let l(x) = x**3 - 118*x**2 - 253*x + 1564. Give l(120).
4
Let c(g) = 11*g**2 + 2244*g + 4. Determine c(-204).
4
Let q(z) = 20*z**3 - 300*z**2 + 13*z - 188. What is q(15)?
7
Let f(q) = -q**2 + 6*q + 48. Determine f(23).
-343
Let y(o) = 6*o**3 + 2*o**2 - 5*o + 5. Determine y(2).
51
Let a(r) = r**3 + 28*r**2 - 253*r - 7074. Calculate a(-28).
10
Let n(h) = 20*h**2 + 115*h + 6. What is n(-3)?
-159
Let q(j) = -21521*j + 129122. Determine q(6).
-4
Let s(u) = 21551*u - 43093. What is s(2)?
9
Let t(l) = 150*l + 1096. Give t(-9).
-254
Let x(h) = -120*h + 7432. Determine x(62).
-8
Let n(g) = -82*g**2 + 408*g + 6. What is n(5)?
-4
Let d(i) = -78*i**2 - 514*i + 19. Give d(-7).
-205
Let r(o) = -154*o**2 + 2769*o + 54. Give r(18).
0
Let r(f) = f**3 - 16*f**2 + 26*f + 18. Calculate r(14).
-10
Let c(l) = -98*l + 115. What is c(1)?
17
Let u(w) = -w**2 + 221*w - 11869. Determine u(129).
-1
Let t(v) = -5*v**2 + 6*v - 20. What is t(13)?
-787
Let h(p) = 53*p - 2943. Calculate h(56).
25
Let u(w) = -36*w**2 - 32*w + 10. Give u(-1).
6
Let w(r) = 144*r + 13112. Calculate w(-91).
8
Let a(q) = -q - 47. Determine a(-3).
-44
Let b(t) = 18*t**2 + 225*t + 20. Give b(-12).
-88
Let t(m) = -m**3 + 8*m**2 + 37*m. Calculate t(11).
44
Let k(g) = -4*g**2 + 30*g - 60. What is k(9)?
-114
Let s(z) = -45*z + 375. Determine s(10).
-75
Let g(n) = -92*n - 1301. What is g(-14)?
-13
Let b(c) = -6759*c + 196013. Give b(29).
2
Let g(y) = -2*y**3 + 3*y**2 + 36*y - 17. Calculate g(6).
-125
Let x(c) = 5*c**2 - c - 18. Give x(-5).
112
Let c(h) = h**2 + 19*h - 469. Give c(14).
-7
Let f(q) = -4*q**3 + 49*q**2 - 5*q - 115. Determine f(12).
-31
Let r(i) = -96*i**2 - 47*i - 33. Determine r(-2).
-323
Let q(x) = x**3 + 9*x**2 + 71*x + 369. Give q(-6).
51
Let l(w) = -96*w + 601. Determine l(-7).
1273
Let i(k) = k**2 - 376*k - 13487. Calculate i(-33).
10
Let g(h) = 10*h**3 + 292*h**2 + 60*h + 54. Determine g(-29).
-4
Let w(b) = -b**2 - 9*b + 49. Determine w(15).
-311
Let o(a) = 59*a + 2510. Calculate o(-40).
150
Let m(o) = 30*o - 4. Give m(4).
116
Let h(d) = d**3 + 14*d**2 - 23*d + 226. Calculate h(-16).
82
Let b(w) = 3*w**2 - 66*w - 1082. Determine b(-11).
7
Let w(z) = 2*z**3 - 73*z**2 - 40*z + 129. What is w(37)?
18
Let r(n) = -n**3 + 5*n**2 + 22*n - 42. Calculate r(7).
14
Let j(o) = -5*o**3 - 25*o**2 + 4*o + 26. What is j(-4)?
-70
Let s(g) = g**3 + 86*g**2 - 2378*g - 224. Give s(-108).
-8
Let f(u) = u**3 + 2*u**2 - 57*u + 28. Calculate f(-8).
100
Let h(y) = 32*y + 277. Determine h(-9).
-11
Let b(n) = -n**3 - 13*n**2 + 14*n + 168. Give b(-13).
-14
Let f(n) = 11*n**2 + 94*n - 19. Give f(-9).
26
Let c(b) = 2*b**3 + 208*b**2 - 14*b - 1478. Give c(-104).
-22
Let u(j) = 7*j**3 + j**2 + 2*j - 12. Give u(2).
52
Let i(m) = -m**3 - 28*m**2 - 52*m - 23. Determine i(-26).
-23
Let r(w) = -2*w**2 - 271*w + 1397. Give r(5).
-8
Let g(h) = 263*h**2 - 2107*h. What is g(8)?
-24
Let z(f) = -f - 55. Calculate z(-50).
-5
Let c(y) = y**2 + 52*y + 30. What is c(-51)?
-21
Let f(i) = i**3 - 32*i**2 - 18*i - 515. What is f(33)?
-20
Let c(i) = -2*i**3 + 23*i**2 - 34*i + 18. Give c(10).
-22
Let p(o) = -25*o - 275. Determine p(-11).
0
Let s(m) = 4*m**2 - 57*m - 185. Give s(17).
2
Let v(i) = 2*i**3 - 35*i**2 + 9*i - 39. What is v(17)?
-175
Let x(t) = -2*t**2 - 17*t + 3. Give x(-10).
-27
Let g(u) = 690*u - 62121. Give g(90).
-21
Let t(d) = 28*d**3 - 2*d**2 - 36*d + 101. Give t(3).
731
Let v(n) = -124*n**2 - 33*n - 34. Determine v(-1).
-125
Let y(g) = g + 5. Determine y(6).
11
Let x(m) = -m**3 + 27*m**2 - 32*m - 452. Calculate x(25).
-2
Let a(j) = -3*j**2 - 62*j + 455. Calculate a(6).
-25
Let f(a) = a**2 + 10*a - 91. Calculate f(6).
5
Let w(q) = -14*q + 611. What is w(43)?
9
Let y(g) = -12341*g + 160445. Give y(13).
12
Let m(k) = 2*k**2 - 57*k + 388. Determine m(11).
3
Let c(m) = -40*m - 787. Determine c(-20).
13
Let w(l) = -192*l + 6366. What is w(33)?
30
Let x(r) = -2*r**2 - 28*r + 1166. Give x(18).
14
Let f(d) = 9*d + 1153. What is f(-128)?
1
Let 